 - -16)) + (-7 - -49).
38
What is (-5 - 37) + 10 + 66?
34
Evaluate 30 + -250 + (122 - -32).
-66
Evaluate -58 + 162 + (-11 - 50).
43
What is the value of 29 + (40 + (-24 - 21) - 61)?
-37
84 + 2 + -39 + 91 + -71
67
Calculate (-6 - 2) + (-4 + -35 - (106 - 66)).
-87
3 + 3 + 29 + (60 - (-7 + 68))
34
What is the value of 81 + -73 + (30 - -1) + 6?
45
What is the value of -10 - -74 - (1 + 4) - (-26 + -32 - -46)?
71
What is the value of (2 - 18) + 43 + 2 + 11?
40
Evaluate 13 + (42 - 3 - (-37 + 54)).
35
Calculate 18 + (8 - 5) + 10 + -25.
6
Evaluate 6 + -25 + (-11 + -22 - -66).
14
(363 - 388) + -82 + -11
-118
Calculate 25 + -76 + -31 + 72.
-10
What is 1 + -87 + 184 + 52 + -226?
-76
(-8 + 1 + -8 + 10 - (51 + 9)) + 8
-57
4 + -135 - -286 - 177
-22
Evaluate 7 + -3 + -31 + 23 - 2.
-6
Calculate -3443 - -3549 - (0 + 60).
46
What is the value of 34 + -25 + (-10 - (-4 - 8 - -7) - -4)?
8
Evaluate 29 - (6 + (-394 - -381 - (-17 - -1))).
20
What is (-30 + 28 - 40) + 29?
-13
Calculate -33 + (39 - -38) + -1 + 11.
54
(10 - -1) + (28 - (177 - 62))
-76
Calculate (25 - (2 - (-15 - -5))) + 13.
26
Calculate 186 + -153 + -46 + 129.
116
Calculate (-30 - -1) + (318 - 469 - -168).
-12
-12 + 9 - -8 - (43 - (-2 + 1))
-39
What is 5 + (8 - (-14 + (-8 - -44))) + 50?
41
What is -99 - (84 + -1 - 35)?
-147
(4144 - 4184) + (7 + -4 - (1 - -1 - 1))
-38
-54 + (60 - 19) + -38
-51
(11 - (0 - (-19 - (19 - 13)))) + -75
-89
Calculate (-58 - -40) + 30 - (153 + -13 + 7).
-135
What is the value of -8165 - -8158 - (0 - -68)?
-75
What is 14 - (-2 + 5 + -1) - (64 - (-45 + 65))?
-32
-68 - (-24 + 8 - (-102 + 93))
-61
Evaluate -10 - ((13 - 7) + -16 + 10) - -12 - -72.
74
Evaluate -11 + -67 + 117 - (9 + -3 - -3).
30
Calculate 15 - ((-36 - (-26 + -14)) + 0 + 7).
4
What is the value of -44 + (-63 - -176) - -49?
118
What is (-34 - 0) + -17 + (-18 - -12 - -19)?
-38
What is 8 + (9 - (-12 - 0 - -16) - 1) - -16?
28
Calculate 24 + (-33 - -79 - 39).
31
(17 - 36) + 26 + (6 - 6) + -6
1
Evaluate -49 + 32 + -9 + -14.
-40
What is (-28 - -6) + 48 + -14 - -29?
41
Calculate 9 - -2 - (-11 - 35 - -23).
34
What is (-13 - (-5 + -5 + 0 + 12)) + 118 + 13?
116
4 - (26 + -71 + (-1 - (-6 + 12)))
56
Calculate (-28 - -91) + 5 + 1 + -22.
47
What is (18 + -32 + 13 - -8) + -24 - 16?
-33
Calculate -29 + 7 + (-581 - -585).
-18
162 - (226 - 107 - -1)
42
Calculate (-1 - 4) + (-10 + 189 - 156).
18
Evaluate 14 + 2 - (-820 - -841).
-5
(-10 + 42 - -23) + 2 + (3 - 2)
58
14 - (-32 - -22 - -58)
-34
-71 + 66 + (7 - 28)
-26
Evaluate -150 + -36 + (247 - 119).
-58
What is (1036 - 1170) + 5 + 45?
-84
Evaluate -626 + 489 + (1 - -62).
-74
Calculate -14 + (1 - -2) + ((-31 - -22) + 18 - 17).
-19
What is 5 + (-1 - -54) + 5 + 0 + 14 + -11?
66
Calculate -10 + (48 - 77) - -59.
20
-65 - ((66 - -3) + (-288 - -253))
-99
What is -8 - (23 + (20 - 26) + (2 - -5))?
-32
What is -439 - -542 - (-18 + 80)?
41
What is -153 + 3 - (4976 - 5042)?
-84
What is 19 + (1 - -5) - -19?
44
Evaluate (25 - 10 - 37 - -93) + -24.
47
-9 - (-3 + -2 - 2) - (-23 + 6 + 19)
-4
What is the value of 28 - (-10 - (5 - 2))?
41
(2 - 6 - (-10 + 12)) + (19 - 39) + -60
-86
Calculate (-32 - (-33 + 9)) + (2 - (2 + -71 + 2)).
61
(30 - 32) + -14 + -2 + 66
48
What is the value of -19 + -67 + -4 + 72?
-18
Calculate 43 + -59 + 43 - -11.
38
Calculate 51 + 15 + -8 - (18 - (-37 - -21 - -22)).
46
Evaluate -16 + (10 - 11 - -11) + -7.
-13
Calculate 242 + -134 + -104 - (56 + -1 + 1).
-52
Evaluate -11 + -46 + 17 - -17 - 13.
-36
Calculate -1058 - -1086 - (0 + 32).
-4
Evaluate (0 - 22) + 587 + -596 + 124.
93
Calculate -3306 + 3268 + 28 + -1.
-11
10 + (22 - 18) + 12
26
What is 51 - (-1 - ((16 - 4) + -29 - 4))?
31
Calculate (-9 + (-7 - -6) + -6 + 38 - 0) + 5.
27
What is -56 - (-90 + 80) - (-2 + -7)?
-37
What is the value of -36 + -14 + 43 - -13?
6
46 + (5 + (-4 - -23) - 35)
35
What is the value of 43 + -12 - (24 - (8 + 5))?
20
Evaluate (12 - -28) + -35 + 22.
27
Evaluate -5 + -8 + (7 - -4) + 16 - -26.
40
Calculate -1 + -69 - (35 - 56).
-49
What is the value of -49 - (18 + -15 + (-12 - -25) + -24)?
-41
Calculate -2 + 6 - 7 - ((3 - (-16 + 15)) + 16).
-23
Calculate 23 - (-31 + (26 - 11)).
39
Calculate (47 - (9 + -11 - -5)) + (4 - 0).
48
What is the value of 6 + (11 - 3) + -12 + 41 + -3?
40
Evaluate 12 + 166 + -192 + (-5 - -7 - 0) + -5.
-17
What is -63 + 4 + 8 + 11 + 10?
-30
Calculate -2 + 0 - ((8 - (22 + -17)) + (-59 - 3)).
57
What is (-29 - (-107 - -7)) + -34 - -25?
62
Evaluate (-9 - -2) + -17 - (2 + -3 - 2).
-21
Calculate 10 - ((-4 - 0) + 6 + (-16 - -32 - 11)).
3
31 - (43 + -9 + -75 + 4)
68
What is the value of (-41 - -1) + 7 + -37 + 22?
-48
6 + 17 + -9 + 11 + -25
0
What is the value of (-15 - (20 - 38)) + -2 + -24 + -3?
-26
What is the value of -40 + -37 + 200 + -66?
57
46 - (26 + 43) - (-1 - 5)
-17
(70 - -42) + -81 + -23
8
Calculate -6 + -38 + -3 - -102.
55
Calculate -10 + (3 - 1 - 100) + (-493 - -502).
-99
What is the value of 4 + (0 - 13) + -4 + -1 - (1 + -2)?
-13
Calculate (11 - 5 - ((14 - 11) + 39)) + (-10 - -18).
-28
Evaluate (1 - 41) + 0 + 32 + (22 - 41).
-27
What is -27 - ((-41 - -27) + (2 - 52))?
37
Calculate 14 - ((-8 - -7) + 8) - (-1 + -15).
23
Evaluate (0 - 2) + (21 - (28 + -18)) + -34 + 33.
8
33 - ((-14 - 16) + 33 - -4)
26
Calculate 163 - 127 - (-2 + 1 + 4 + (-13 - -1)).
45
Evaluate -28 - (94 + (-14 - 2) + -3).
-103
Calculate (137 - (-112 + 159)) + -2.
88
What is the value of (27 + -2 - -5) + (-215 - -191)?
6
What is -18 - -1 - (26 + 6 + 21 + -26 + -24)?
-20
What is the value of (0 - -13) + (157 - 35) + -130 - 114?
-109
What is the value of 12 + (-8 - -29) + (6 - (8 - 1 - -1))?
31
Evaluate -57 - -57 - ((22 - 18) + (-45 - 0)).
41
What is the value of 856 + -875 - (-65 - -3)?
43
Calculate (13 - -28 - 30) + -26.
-15
What is the value of (7 - 24) + 29 - -2 - 2?
12
223 - 281 - (4 - 40)
-22
What is the value of 8 - ((-18 - -13) + (-1 - (2 + 1)) + 6)?
11
What is -18 + 13 - -15 - (12 + -23 - (2 + -8))?
15
What is 36 + (1 - 1) + (-214 - -143)?
-35
Evaluate -22 + (-17 + 41 + -27 - 11).
-36
Evaluate 80 + (-3 - -1) - ((120 - 246) + 125).
79
Calculate -63 + 53 + -31 + 10.
-31
(-12 - -16 - 49) + (-38 - -96)
13
Calculate 63 + -27 + -21 - (-6 - 2).
23
What is (-9 - -36 - 63 - 24) + 13?
-47
What is -1 + 152 - (-4524 - -4695)?
-20
Evaluate -27 + -12 + -12 + 31 + -13.
-33
(18 - (-9 + 14)) + -6 + 40 + -7
40
Evaluate -89 - 6 - -74 - (2 - -4).
-27
Calculate -9 + 7 - (9 - (0 - 33)).
-44
What is 2 - (-4 - -17) - (-2 - (39 + -1))?
29
Evaluate -4 - (11 + (-3 - -1) + -45).
32
-178 + 225 + (-2 - -3 - 3) + -11
34
Calculate -289 + 288 - (1 - 39).
37
What is (-17 - -29) + -9 - (-11 + -79 + -1)?
94
What is the value of 1 + 23 + (-1153 - -1129) + (-4 - -5)?
1
-5 - ((-13 - (8 - 8)) + 14 - 12)
6
Evaluate 1 + (154 - 141) + (-7 - (2 - -2)).
3
Calculate -1 - 1 - (-26 - -34) - -56.
46
What is 33 + -85 + -4 - 19?
-75
(-107 - -245 - 105) + (-5 - 4)
24
-296 + 263 - (7 - (-3 + -5))
-48
What is 48 + (19 - 19) + -7?
41
Evaluate (2 - 4) + -11 + -91 + 292 + -120.
68
-5 + 6 + -8 + 0 - (-1 + 11)
-17
(6 - -73) + 6 + -48
37
Evaluate 151 - (85 + -40 + -16 + 11).
111
Evaluate (106 - 223) + (-21 - -12) + 2 + -8 + -1.
-133
Evaluate -1 + 24 + -49 + -17.
-43
What is the value of 102 + (-2 - -13) + (-32 - (-18 + 9))?
90
What is (-4 - 5 - -1) + 7 + -4 + 3 + 3?
1
Calculate -17 - (-44 - -24 - -27) - -8.
-16
Calculate (-21 - 7 - -10 - -6) + 5 - -40.
33
-80 - -62 - (-20 + 14) - (10 + -1)
-21
Evaluate 5912 + -5869 + -84 + -1.
-42
25 + (13 - -3) + -4 + (6 - 8) - -6
41
Evaluate -1 + -11 + (-1 - -8 - (22 + -60)).
33
What is the value of 19 + 16 + (5 - (-23 + -6))?
69
What is 5622 + -5667 + (97 - (4 - 8))?
56
Calculate -35 - (-40 - (6 + 72)).
83
Calculate (-8 - -6) + (-20 - 1) + 30 + 27.
34
What is (57 - 5) + -54 + (1 - 6 - -21)?
14
Calculate (-12 - ((-26 - -6) + 12)) + -14.
-18
-3 + (-5 - -16 - 3) - -24
29
What is (8 - (-3 - -7)) + (14 - (6 + 8))?
4
What is 1 + 9 + (-10 + (-86 + 1 - 4) - -6)?
-83
Calculate 14 - ((2 - 2) + -1 + 2 - -65).
-52
What is the value of -50 - -27 - (-20 - (7 - -82) - 23)?
109
What is the value of -43 + 17 + (-1 - 7 - 3)?
-37
Calculate 13 + (-82 - -11) + -16 + (13 - -15).
-46
Calculate (-601 + 617 - (54 + 1)) + 58.
19
What is 31 + -45 + 81 + (-5 - 2)?
60
85 - 66 - (9 + -5 + 8 + -21)
28
Evaluate 502 + -468 + (-17 - 0) - -41.
58
What is the value 